Let a be 13 - 4/(0 + -4). Calculate the greatest common divisor of 112 and a.
14
Let y = 45 - 22. What is the greatest common factor of 69 and y?
23
Let p(v) = v**3 + 8*v**2 + 2*v + 19. Let y be p(-8). What is the highest common divisor of y and 9?
3
Let y(x) = x**3 + 8*x**2 + 4*x. Let p be y(-5). What is the highest common divisor of p and 22?
11
Suppose 0 = -2*o + 31 + 13. What is the greatest common divisor of 11 and o?
11
Suppose -4*a + 6*a = 18. Let u be 107/3 - (-3)/a. What is the highest common divisor of u and 24?
12
Suppose 2 = 3*d - 2*d. Suppose u + 24 = -d*j, 4*u + 0*j + 5*j = -87. Let v = u - -75. What is the greatest common factor of v and 38?
19
Suppose 0 = 4*d + 2*t + 3*t - 104, 0 = 5*d - t - 101. What is the greatest common divisor of d and 231?
21
Suppose 5 = 2*t - 25. What is the highest common factor of 135 and t?
15
Suppose -4*i - 2*r + 32 = 0, i + 3 = 2*r + 21. Suppose -5*u = t + i, 10*t + u = 5*t + 70. Calculate the greatest common factor of 10 and t.
5
Let a(y) = -y**3 + 10*y**2 - 10*y + 9. Let l be a(9). Suppose t + 2*t - 6 = l. Suppose 3*h + 3*h = 18. Calculate the greatest common divisor of h and t.
1
Suppose 0 = 2*x - 310 + 34. Suppose 4*w - 10 - x = -l, 0 = 4*w - 4*l - 168. Calculate the highest common divisor of w and 95.
19
Suppose 0*u + 12 = n - 4*u, 2*u = -4*n + 48. What is the highest common divisor of n and 6?
6
Let a = -28 - -37. What is the highest common factor of 72 and a?
9
Let m(z) = -4*z**3 - 2*z**2 + 1. Let s be m(-1). Suppose s*q = -2*q. Suppose q = 5*o + 15, -h - 2*o + 48 = -6*o. What is the highest common factor of 9 and h?
9
Let q be (0 + 5)*1 + -1. Suppose 515 = q*o + o. Let x = o - 68. What is the highest common divisor of 7 and x?
7
Let q(n) be the second derivative of n**4/6 - 7*n**3/6 - 3*n**2/2 + 3*n. Let s be q(6). Calculate the greatest common factor of s and 3.
3
Let a(m) = 67*m - 1. Let r be a(1). Calculate the highest common factor of 33 and r.
33
Let k = -91 - -63. Let u be -3 + (-2 - (k + 2)). What is the highest common factor of u and 63?
21
Suppose 5*f - 2*f - 45 = 0. Let g be 5*(-1)/4*-12. Calculate the highest common divisor of g and f.
15
Let m be (-3)/(2 + 98/(-48)). Suppose 4*u - 2*k = m, 0 = -k + 3*k. Calculate the greatest common divisor of 27 and u.
9
Let g = 71 - 54. What is the highest common factor of 136 and g?
17
Suppose 6 - 21 = -3*y. Let d be (-2*1)/4*-10. What is the greatest common divisor of d and y?
5
Suppose -s = s. Suppose s = -q + 4, 3*c = 3*q + 2*q - 2. What is the highest common factor of c and 54?
6
Let p = 8 + -13. Let i = 1 - p. Suppose a + 65 = i*a. What is the highest common divisor of 65 and a?
13
Let r(w) = -2*w + 3. Let n be r(-3). What is the highest common divisor of 144 and n?
9
Suppose -4*l + 32 = 2*t, 3*l + 0*l = 4*t - 86. Let p(d) = -d**3 - 4*d**2 - 4*d - 6. Let k be p(-4). What is the greatest common divisor of t and k?
10
Let g = 4 - 5. Let x be 6/9*(g + 34). What is the greatest common divisor of x and 55?
11
Let h(c) = -2*c**3 - 10*c**2 - 5*c + 3. Let x be h(-7). Calculate the highest common factor of x and 26.
26
Let z be 85 + (-1 - (3 + -2)). Suppose 5*i = -5*x + 160, 4*i - 69 = 4*x + z. What is the greatest common factor of 7 and i?
7
Let u(t) = -27*t + 2. Let j be u(-2). Let h = j - 26. What is the highest common factor of h and 6?
6
Let j = -18 - -20. What is the greatest common divisor of j and 14?
2
Suppose -n + 6*d + 25 = d, -4*d + 132 = 3*n. Calculate the greatest common factor of 10 and n.
10
Suppose -3*v + 106 + 32 = 3*w, 169 = 4*v + w. Let x = v + -28. Calculate the greatest common factor of x and 104.
13
Suppose -3*m + 36 = m. What is the greatest common factor of m and 6?
3
Suppose 5 = 2*r - h + 6, 2*h = -2*r - 16. Let v be (8 + 1)*(r - 0). Let p = v - -47. Calculate the highest common factor of 100 and p.
20
Let q = 87 + -52. Let b = -54 + 68. Calculate the greatest common factor of q and b.
7
Let i(o) = 7*o**2 + o - 2. Let c be i(2). Suppose 0 = -2*y + 4*y - 84. What is the highest common factor of c and y?
14
Let g = 0 + 120. Suppose 5*h - 10*h + 75 = 0. What is the highest common divisor of h and g?
15
Suppose -10*h = -3 - 27. What is the highest common factor of h and 57?
3
Let p(o) = -15*o. Let q be p(-1). Calculate the greatest common factor of 120 and q.
15
Let f = 3 - -5. Suppose -2*y + 3*y - 34 = 2*k, 0 = 3*y + 3*k - 57. What is the greatest common divisor of y and f?
8
Let b = 315 + -448. Let k = -68 - b. What is the greatest common factor of k and 26?
13
Suppose -2*p + 34 = 4*n, 0*n = 3*n - 15. Let c = p + 6. What is the greatest common divisor of c and 117?
13
Let y(c) = 16*c**2 + 3*c - 1. Suppose -2*j + 4*j - 2*t = 6, -3*j = -2*t - 9. Let n be y(j). What is the highest common factor of n and 19?
19
Let t = -70 + 83. Calculate the highest common divisor of 143 and t.
13
Let r = -36 + 65. Let o = 43 - r. Let t = o + -7. What is the greatest common factor of t and 7?
7
Suppose -2*h + 3*a + 4 = 0, -5*h + 2*a - 8 = -a. Let r be (-316)/(-26) + h/26. Calculate the highest common factor of r and 60.
12
Suppose 0 = -10*y + 6*y + 36. Let j be ((-9)/(-6))/(y/276). What is the greatest common factor of j and 69?
23
Suppose 2*h = 2*l - 3*h - 23, 4*l = -h + 57. Calculate the highest common factor of l and 70.
14
Suppose 5*n + 4 = 29. Suppose -5 = -n*v, -7*f + 4*v + 21 = -2*f. Calculate the greatest common divisor of f and 15.
5
Let b be 4/(2*(-1)/(-1)). Let o be 5/b*(12 + -10). What is the greatest common factor of o and 25?
5
Let v = -23 + 38. Let s be (6 - 4)*15/2. Calculate the greatest common factor of v and s.
15
Let h(x) = -x**3 + x**2 - 3*x + 52. Let f be h(0). Calculate the highest common divisor of 13 and f.
13
Let v(b) = -b**2 - 6*b + 3. Let f be v(-6). Suppose 3*w - f = 12. Suppose 5*x = 2*k + 73, 5*k - 45 = -w*x - 0*k. What is the highest common divisor of 91 and x?
13
Suppose 5*r - 2 = -c, 8*r - 3*r - 8 = c. Let j = 33 - 54. Let m = c - j. Calculate the greatest common divisor of 6 and m.
6
Suppose 2*b + 20 = 5*y, -4*y + 2*b - 16 = -8*y. Suppose n + 52 = 2*h, 61 = h + 4*n + 17. What is the greatest common divisor of y and h?
4
Let x = -24 + 12. Let j be x/(-16) + 2/8. Let q be 11 - (2 - j - 3). Calculate the greatest common factor of 26 and q.
13
Let d(x) = -2*x**2 - 4*x + 4. Let m be d(-5). Suppose -26 = p - 3*w, 2*p - 3*w = 2*w - 56. Let z = m - p. What is the highest common divisor of 12 and z?
12
Let d(y) = 149*y - 291*y + 144*y. Suppose -u - 1 = -2. Let r be d(u). Calculate the highest common divisor of r and 5.
1
Let m be (5 + -2)*(-56)/(-12). What is the highest common divisor of 21 and m?
7
Suppose 2*k + 29 = b, 4*b + 2*k + 2*k = 116. What is the greatest common divisor of b and 174?
29
Let h = 14 - 8. Let t(c) = 3*c. Suppose 2*r - 10 = k - r, -2*r = 2*k - 20. Let w be t(k). What is the greatest common divisor of w and h?
3
Suppose -2*k = -3*k + 5. Let i be -2*(2 + -3 - k). Let s(d) = 7*d + 3. Let j be s(3). What is the greatest common factor of j and i?
12
Let n be -2*(-2 + 9/3). Let b be 167/11 - n/(-11). Calculate the highest common factor of 135 and b.
15
Let x = 75 - 57. Let g(w) = 197*w**2 + 2*w - 1. Let f be g(1). Calculate the highest common factor of x and f.
18
Let s be (6/4 + -2)*-10. Let o be 2/s + 1356/10. What is the highest common divisor of o and 17?
17
Let l(v) = -v + 4. Let m be l(5). Let w = 3 + m. Suppose -4*n = 4*t + 14 - 50, 0 = -4*t + w*n + 12. What is the greatest common divisor of t and 50?
5
Let j = -99 - -225. What is the highest common factor of j and 14?
14
Let q = 31 + -19. Let z be 2/13 + (-6)/39. Suppose 2*v - 93 - 3 = z. Calculate the highest common factor of v and q.
12
Suppose -s = -3*s + 20. Suppose -s - 5 = -3*t. What is the highest common factor of t and 10?
5
Let i(p) = 7*p. Let a be i(3). Let k = a + -5. What is the highest common divisor of 16 and k?
16
Let s be (148/(-10))/((-3)/15). Suppose -2*m - s + 326 = 0. What is the highest common divisor of m and 18?
18
Suppose 5*c - 12 = 2*c. Let y(p) = -409*p - 4. Let n be y(c). Let r be 12/(-78) - n/13. Calculate the highest common factor of 14 and r.
14
Suppose n - 4*h + 31 - 115 = 0, 0 = -h - 1. Let c(d) be the second derivative of 2*d**3/3 + d. Let v be c(4). Calculate the highest common factor of v and n.
16
Let n